ed by o?
0
Let s(a) = -a**3 + 12*a**2 - a + 14. Let q be s(12). Suppose -3*r + 7*r - 136 = 2*y, -3*r + q*y + 104 = 0. What is the remainder when 127 is divided by r?
31
Suppose -v - o = -3*v + 20, 3*o = 4*v - 44. Let w(d) = 2*d - 40. Let k be w(21). Suppose k*f = 24 + v. Calculate the remainder when 31 is divided by f.
15
Let u = -20 + 20. Suppose 5*f - c - 85 = u, 2*f + c + c - 46 = 0. Calculate the remainder when 34 is divided by f.
16
Suppose 2*t - 4 = 0, -5 - 15 = -2*h - 5*t. Suppose h*a = 36 + 34. What is the remainder when a is divided by 6 - ((3 - 2) + 1)?
2
Let u(z) be the second derivative of 5*z**3 - z**2 + z. Let j be u(3). Let o = j - 5. What is the remainder when o is divided by 28?
27
Suppose 27*t - 52*t = -1475. Calculate the remainder when t is divided by 43.
16
Suppose -6*c + 21 = -525. Let f = -19 + 42. What is the remainder when c is divided by f?
22
Suppose -3*z = 2*m - 1285, -4*z = -m - 47 - 1681. What is the remainder when z is divided by 7?
4
What is the remainder when (11 + 1)/((-2214)/279 - -8) is divided by 63?
60
Let v = -259 + 184. Let t = v + 121. What is the remainder when t is divided by 12?
10
Let p = -119 - -146. What is the remainder when 348 is divided by p?
24
Let y = 2904 - 2895. What is the remainder when 4021 is divided by y?
7
Let d = -10 - -18. Suppose -d + 0 = 4*j. Calculate the remainder when 33 is divided by 21 - ((j - -8) + -3).
15
Let w(r) = 41*r**2 - r - 1. Let m = -16 - -19. Suppose -5*l - m = -73. Calculate the remainder when w(-1) is divided by l.
13
Suppose -1 = 2*s + 3. Let u be s/9*6*3. Calculate the remainder when 4 is divided by -1 + u/1*-1.
1
Suppose -2*l = -5*l + 15. Let b(m) be the third derivative of 3*m**4/8 - 2*m**3 - 44*m**2. Calculate the remainder when b(l) is divided by 18.
15
Let n = 36 + -3. What is the remainder when 4/6 + 1562/n is divided by 26?
22
Let a(l) = l**3 - 4*l**2 + l + 6. Let v be a(5). Suppose 2*b = 5*h + v, -h + 2*h = 3*b - 41. What is the remainder when b is divided by 4?
1
What is the remainder when 210 is divided by (4/((-48)/(-159)))/(8/32)?
51
Let i(b) = -2*b**3 - 1 + 5 - b**3 + 4*b**3 + b - 15*b**2. What is the remainder when i(15) is divided by 10?
9
Let j(p) = 7*p + 1. What is the remainder when 467 is divided by j(11)?
77
Let m = 196 + -101. Let n = m - 52. Calculate the remainder when n is divided by 23.
20
Let g(j) = 10*j**2 + 5*j - 13. Calculate the remainder when g(4) is divided by 7.
6
Let l(t) = -t**2 - 4*t - 2. Let w be l(-4). Let y = w - 26. Let r = 50 + y. What is the remainder when r is divided by 6?
4
What is the remainder when 57 is divided by (-2 - -1 - 6)*30/(-7)?
27
Suppose 14*d - 1694 = 924. Calculate the remainder when d is divided by 38.
35
Let g(w) = 5*w**2 + 2. Suppose 2*r - 22 = 2*a + 50, 98 = 3*r - 5*a. What is the remainder when r is divided by g(2)?
19
Let q(w) = w**3 + 9*w**2 + 7*w + 3. Suppose l = -7 - 1. Calculate the remainder when q(l) is divided by 4/(-6)*(-42)/4.
4
Suppose 24*u - 513 = 21*u + 3*n, 4*u - 684 = -5*n. Calculate the remainder when u is divided by 73.
25
Let q(z) = z - 1. Let h = -288 - -300. What is the remainder when h is divided by q(6)?
2
Suppose -4*g - 208 + 44 = 0. Let a = -31 - g. Calculate the remainder when a is divided by 5.
0
Suppose 4*l - 104 = 2*b, 3*l + 2*b + 76 = 6*l. Suppose 0 = 3*a - l - 5. Calculate the remainder when 29 is divided by a.
7
Suppose -19*g + 966 = 4*g. What is the remainder when 166 is divided by g?
40
Calculate the remainder when 82 is divided by (-6)/4*344/(-129) + 33.
8
What is the remainder when 9/(-6) + 2 - 801/(-18) is divided by 22?
1
Let h(f) = f**3 + f**2 - 2*f - 1. Let j be h(0). What is the remainder when 89 is divided by -1 - (64*j)/4?
14
Let t(v) = 6*v - 9. Let b = -10 + 85. Calculate the remainder when b is divided by t(8).
36
Let j = 24 + -39. Let m be 1/3 + 100/6. Let w = m + j. What is the remainder when 6 is divided by w?
0
What is the remainder when 115 is divided by (-22 + 2)/((-16)/((-416)/(-65)))?
3
Let d(z) = -z**3 + 10*z**2 + 6*z. Let k be d(6). Suppose -54 = -3*b + k. What is the remainder when b is divided by 17?
10
Let o = 173 - 195. Let c be (-31)/(-1) + -2 + 0. Let b = c + o. Calculate the remainder when 12 is divided by b.
5
Suppose 0 = 4*u + 4*b - 996, -4*b - 291 = -5*u + 909. Calculate the remainder when u is divided by 47.
9
Let r(x) = x**2 - 3*x - 5. Let s be r(4). Suppose w + 0*y = 5*y + 40, 0 = -3*w + 4*y + 65. Calculate the remainder when -3 + 44 + (-1)/s is divided by w.
12
Let s(j) = -4*j - 8. Let p(g) = g**2 + 2. Let m be p(0). Suppose -m*c - 6 = 0, w + 17 = 5*w + c. What is the remainder when s(-5) is divided by w?
2
Suppose -3*r + 122 + 94 = 0. Suppose -8*i + r = -0*i. Calculate the remainder when 42 is divided by i.
6
Suppose -g + 42 = -u + g, -3*g - 210 = 5*u. Let y = u - -55. Calculate the remainder when 50 is divided by y.
11
Suppose 697*p = 694*p + 204. Calculate the remainder when 80 is divided by p.
12
What is the remainder when -19*(-4 - (1 - (-16 - 1))) is divided by 20?
18
Suppose 11*r - 187 = 132. What is the remainder when r is divided by (-4)/(-10)*-8*-5?
13
Let z = 7 - -10. Calculate the remainder when 24/(-14)*231/(-6) is divided by z.
15
Let t = 41 + -11. Let k(r) = r**3 - 3*r**2 - 5*r + 23. Calculate the remainder when t is divided by k(3).
6
Suppose 120 = -4*y - 0*y. Let b = y + 35. Calculate the remainder when 7 is divided by b.
2
Let y = -59 - -31. What is the remainder when (96/y)/((-1)/7) is divided by 13?
11
Let q(l) = 38*l**2 + 1. Let w(v) = -v - 1. Let u(i) = 15*i + 7. Let g(n) = -u(n) - 2*w(n). Calculate the remainder when q(1) is divided by g(-2).
18
Let q(d) = 2*d - 5. Let j be (3 + (-111)/9)*-6. Suppose -8 = 2*i - j. What is the remainder when i is divided by q(5)?
4
Let c = 34 - 18. Calculate the remainder when 2 + (-24)/15 + (-138)/(-5) is divided by c.
12
Let z = 32 - 29. Suppose -288 = -4*y - 2*c, 0 = z*y + c + 3*c - 221. Calculate the remainder when y is divided by 15.
11
Let c(y) = 2*y**3 + 37*y**2 + 50*y - 6. Calculate the remainder when 203 is divided by c(-17).
5
Suppose -114 = -2*u - 3*d - 6, 0 = u - 4*d - 43. What is the remainder when 193 is divided by u?
40
Let t(o) = -7*o - 1. Let x be (-418)/6 - (-16)/(-12). Let s = -38 - x. Calculate the remainder when s is divided by t(-2).
7
What is the remainder when 813 is divided by ((-13 - 22) + 5)/(2/(-18))?
3
Let y(c) = -c**3 - 9*c**2 + 7*c + 15. What is the remainder when y(-10) is divided by 28?
17
Suppose -2*s + 86 = 4*p, -2*p = 4*s - 14 - 32. Let d = 8 - 6. Suppose -4*r + 150 = d*u, u = -0*r - 3*r + 115. Calculate the remainder when r is divided by p.
19
Suppose -3*o = -o - 4. Let v = -13 - -22. Calculate the remainder when v is divided by o.
1
Suppose 0 = 5*n + 15 - 645. What is the remainder when n is divided by 32?
30
Let g be ((-2)/(-1))/(-6) + 1305/27. Let j = 85 - g. What is the remainder when 73 is divided by j?
36
Let k = -34 - -49. Let x be (-9)/(54/184)*3. Let m = x + 163. What is the remainder when m is divided by k?
11
What is the remainder when (-2538)/(-81) - 4/(-6) is divided by 12?
8
Let u = -47 + 49. Suppose -u*l - r - 2*r + 8 = 0, 4*l = 4*r + 36. What is the remainder when 47 is divided by l?
5
Calculate the remainder when 115 is divided by (52/3)/(4/6).
11
Suppose 0 = -5*k + 107 + 318. What is the remainder when k is divided by (0 - 0) + (2 - 0) - (-224 - -204)?
19
Let s = 979 + -951. Let b = 20 + -10. Calculate the remainder when s is divided by b.
8
Let b(i) = i**3 - 7*i**2 + 8*i - 5. Let f be b(6). Calculate the remainder when 45 is divided by f/4*(2 - 6 - -8).
3
Let y = 29 - 11. Suppose y = 2*x + x. What is the remainder when 40 is divided by x?
4
Let b = 10 + -16. Let d(t) = 2*t**2 + 7*t + 4. Let i = 19 - 7. What is the remainder when d(b) is divided by i?
10
What is the remainder when ((-117648)/63)/(-16) + 2/7 is divided by 11?
7
Suppose 0 = 24*d - 27*d + 30. Suppose u - 19 = -2*q, q = u + 27 - d. Let n = 66 + -31. What is the remainder when n is divided by q?
11
Let p be -4*(12/8 + 2). Suppose 0 = -4*d + 4*i + 64, 2*i + 83 = 5*d - 2*i. Let u = d + p. What is the remainder when 23 is divided by u?
3
Suppose t = 6*t + 25, -4*t = -l + 63. Suppose 4*u + 5*z - 2*z + l = 0, 0 = -2*u - 5*z - 25. Let d = 10 - u. What is the re